-44 - -49. Suppose 16 = -c + 2*d, -c = -4*c + b*d - 43. What is o(c)?
10
Let p be 6/1*1/3. Suppose 0*m = p*m - 6. Let f = m - 6. Let n(q) = -2*q - 2. Determine n(f).
4
Let d(k) = k - 2. Let m be (-16)/(-10) - (-12)/30. Let s be (-8)/(m - 1) - -4. Let x be (3 + s - 1)*2. Calculate d(x).
-6
Let w(i) = -3*i**2 - 4*i - 2. Let n be 2*((-3)/6 - -3). Suppose -8 = n*a - a. Give w(a).
-6
Let f(t) = -t**3 - 9*t**2 + 9*t - 12. Let q be ((-5)/(-10))/((-3)/60). What is f(q)?
-2
Let x(d) = d**3 + 5*d**2 + 2*d + 2. Let i(k) = -5*k**2 - 67*k + 67*k. Let m be i(1). Give x(m).
-8
Let i(s) = s**2 + 7*s - 36. Let v = 77 + -73. Let w be i(v). Let x(k) = k**2 - 8*k - 5. Calculate x(w).
-5
Let w(t) be the third derivative of -t**5/30 + 7*t**4/24 + t**3 + 22*t**2 + 2. Calculate w(6).
-24
Let m(a) = a**3 + 5*a**2 + 2*a - 5. Let q be m(-2). Let o(l) = 7*l - 3 + 7*l**2 - 4*l**q + 5*l**3 + 2. Give o(-5).
14
Let m(c) = c + 13. Let v be m(-11). Let k(o) = -6 + 0*o**2 - 3*o**2 - 3*o + 2*o**2 + v*o**2. Give k(5).
4
Suppose 4*i + 8 = -2*k + 2*i, 5*i = -2*k - 17. Let a(f) = -17*f - 1. Give a(k).
16
Let k(p) = 2*p + 23. Let g be k(-9). Let u(n) = -n**2 - n - 1. Calculate u(g).
-31
Let s(l) = -l**2 + l - 2. Let j be s(0). Let x be -3 - (-4 + (-6 - -3)). Let c(n) = -3*n + 111 - 110 - x*n. Determine c(j).
15
Let d be (-70)/15 - (-2)/3. Let f(t) = -t**3 - 4*t**2 - 2*t - 6. What is f(d)?
2
Let l = 52 + -49. Let u(b) = -l*b - 3*b + b. What is u(-1)?
5
Let b be ((-2)/4)/(7/(-42)). Let p(q) = -3*q**b + 2*q**3 + 4 - 7 - 3*q + 5 + 5*q**2. Suppose 2*x - 2*o - 14 = 0, 1 = x - 2*o - 9. Give p(x).
6
Let b(u) be the third derivative of u**6/120 - u**5/15 + u**4/12 + 5*u**3/6 + 104*u**2. What is b(4)?
13
Let l(f) = -f - 4. Let k be l(-6). Let u(a) = a. Suppose -b - 3*y = 4 - 2, 5*y = 3*b - 8. Let g(v) = -2*v - 1. Let i(r) = b*u(r) + g(r). Determine i(k).
-3
Let r(y) = y**2 + 11*y + 22. Let a be r(-9). Suppose -44 = -a*m - 12. Let t(g) = -g**2 + 7*g + 5. Calculate t(m).
-3
Let x be 46/10 + 20/50 - -3. Let k(c) = -2*c + 23. Calculate k(x).
7
Let p(d) = -15*d + 18. Let r(g) = -13*g + 16. Let u(f) = 5*p(f) - 6*r(f). What is u(3)?
3
Let b(y) = -y**2 + 7*y. Let s be b(6). Let r(z) = -1 - 2*z + 8 - 2 + 3*z. Determine r(s).
11
Suppose -3*f = -78 + 15. Let t be 14/(-49) + 69/f. Let r(u) = -u**2 + u - 4. What is r(t)?
-10
Let j(a) = -3*a - 2*a + 4*a. Suppose 8*m + 30 = 9*m. Let r be 12/20 + (-78)/m. What is j(r)?
2
Suppose -41 = 4*d - 5*j, 3*j - 7 + 16 = 0. Let t(v) = v**2 + 14*v + 2. Calculate t(d).
2
Let x(j) = j - 2. Let n be x(-6). Let q = n - -13. Let h(o) = -q + o + 4 - 9. Calculate h(0).
-10
Let x(l) = l**2 - l + 17. Suppose 4*q = -7*h + 10*h, 2*h - q = 0. Calculate x(h).
17
Let a(j) = -22*j - 25 - j**2 + 39 + 0*j**2 - 20*j + 45*j. Calculate a(5).
4
Let a(w) = w**2 + 4*w - 9. Let c be (-1)/(5/(-875)*-5). Let j = c + 28. Determine a(j).
12
Let h(z) = -2*z**2 + 3*z - 1. Let d(j) = -11*j**2 + 11*j - 4 + j**3 + 0 - 3. Let w be 9 + (3 - (-6)/(-3)). Let r be d(w). Determine h(r).
-10
Let a(m) = m**3 - 7*m**2 - 1. Let r be 2/(-3) + (-1528)/(-24). Suppose 0 = -5*f + r + 42. Suppose -o + 0 = -k - 7, 2*k = -3*o + f. Give a(o).
-1
Let s(q) = -q**2 + 9*q + 2. Let x be s(9). Let a be (x - 32)*10/30. Let v(u) = u + 6. Determine v(a).
-4
Let g(d) = 1. Let z(p) = p**2 - p - 8. Suppose -2*c - 5 = 3*c. Let w be -5*(c + 3)/(-2). Let h(k) = w*g(k) + z(k). Determine h(4).
9
Let m = -34 + 36. Suppose 3*l + m*f + 22 = l, 0 = f + 5. Let w(g) = 9 + 0*g**2 + 0*g + g**2 + 8*g. Give w(l).
-3
Let l(w) be the second derivative of 3/2*w**3 + 0 + 1/12*w**4 + 7/2*w**2 - 10*w. Determine l(-5).
-13
Let m(p) = 0*p**2 - 17*p**2 + 5 - 2 - 2. Suppose 0 = -2*t - 4 + 2. Give m(t).
-16
Let p(w) be the second derivative of w**5/20 + w**4/4 - 3*w**2/2 + 5*w - 13. Calculate p(-3).
-3
Let f(d) = -3*d + 22. Suppose -l + 4*i - 3 = 0, -4*l - 5*i + 27 = -8*i. Calculate f(l).
-5
Suppose 0*h - 40 = -5*h. Let x(f) = 8*f + 7*f**2 + 28*f**3 - 20*f**3 - 7 - 19*f**3 + 10*f**3. Give x(h).
-7
Suppose 0 = 7*x - 6*x - 3. Let t(s) = -s - 6 - x + 4. Calculate t(-5).
0
Let s(b) = -11 - 18 + 26 - 8*b + 2*b**2 + 9*b. Determine s(-4).
25
Let j(i) = -6 + 3*i + 7*i**2 + 2 + i**3 - 12*i**2. Suppose -3*x + 5*z + 19 = 0, -4*x - 4*z - 24 = 4. Let p be x/(2 + (-36)/15). Calculate j(p).
11
Let o be (154/48 - 3)/(5/2). Let p(f) be the second derivative of -3/2*f**3 - o*f**4 - 1/2*f**2 - 12*f + 0. Calculate p(-6).
17
Let o(n) = -9*n**2 - 5*n - 8. Let k(p) = -7*p**2 - 5*p - 9. Let s(a) = 5*k(a) - 4*o(a). What is s(6)?
-7
Let k(p) = 1 - p + 9*p**2 + 12*p**2 - 20*p**2. Let q be (-2 - (-1)/1)*3. Give k(q).
13
Let i(h) be the first derivative of h**4/4 + 10*h**3/3 + 4*h**2 + 5*h - 131. Give i(-9).
14
Let l(w) = -6*w**2 + 4. Let q(p) = 4*p**2 - 3. Let k(b) = 5*l(b) + 7*q(b). Calculate k(-2).
-9
Let z(r) be the second derivative of 1/3*r**3 - 9/2*r**2 + 0 - 3*r. What is z(8)?
7
Let p(b) be the third derivative of b**6/120 + 7*b**5/60 - 3*b**4/8 + 5*b**3/6 - 4*b**2 + 44. Give p(-8).
13
Let j(o) = o + 5. Let r(c) = -2*c**3 - c**2 + 8*c + 11. Let d be r(-3). Suppose 0*z + 4*z = d. Give j(z).
13
Let w(o) = 5*o - 3. Let a be (9/12)/((-36)/48). Determine w(a).
-8
Let v(r) = r**3 - 8*r**2 + 6*r + 9. Let s be v(7). Let q(n) = -1 + 3*n**2 + 2*n + s + 0*n**2. Let u = 34 - 35. What is q(u)?
2
Let k(i) be the second derivative of i**3/6 - i**2/2 - 9*i. Let f = -4 + 9. Calculate k(f).
4
Let x = 6 + -3. Let b(k) = 0*k**3 + 6*k - 8*k - k**3 - k**3 + 5*k**2 + 1. What is b(x)?
-14
Let s be (-7)/(-39) + 64/416. Let b(f) be the first derivative of 3 - s*f**3 + 2*f**2 + 2*f. What is b(4)?
2
Suppose -3*r - 38 = -2*t, r = t + 3*t - 86. Suppose t + 13 = 7*u. Let f(s) = s**2 - 5*s + 5. Calculate f(u).
5
Suppose -1 + 5 = 2*q. Let k(z) = 38*z**2 - 105*z**2 + 34*z**2 + 8*z + 32*z**q - 7. What is k(7)?
0
Let t(m) = m**2 + 8*m - 3. Let p be t(-9). Let z be (-40)/p - (-14)/21. Let u be 156/(-28) + z/14. Let j(c) = c**3 + 7*c**2 + 5*c - 8. Calculate j(u).
-2
Let y = -14 + 18. Suppose -f - 24 = -y*f. Let o(q) = q**2 + 10*q + 2 - 3*q**2 + q**2 - f*q. Give o(4).
-6
Let m(v) = -2*v**2 - 2*v + 6. Let r(j) = 66*j + 63*j + 6 + 7 - 5*j**2 - 133*j. Let q(y) = -7*m(y) + 3*r(y). Determine q(-3).
-18
Let r(h) = -h + 18. Let y be r(8). Let d = y - 35. Let w = 25 + d. Let b(i) = -i**2 + 8. Calculate b(w).
8
Let i(t) = -5*t + 4*t - 55 + 63. Calculate i(5).
3
Let k(c) = 54*c + 317. Let q be k(-6). Let o(j) = -j**2 - j + 7. Calculate o(q).
-35
Let x(r) = r**2 - 6*r - 5. Let y(j) = -j**2 + 1. Let s(t) = x(t) + 2*y(t). Give s(-5).
2
Let z(y) = -2*y**3 + 23*y**2 + 10*y + 20. Let o be z(12). Let d(s) = -s**2 - 10*s - 26. Let u be d(o). Let h(r) = -r**3 - r**2 + 2*r + 1. What is h(u)?
1
Let l(f) = 2*f - 17 - 2*f - 18 + 14 + f. Determine l(12).
-9
Let v be (-10)/(-30) + 118/6. Let p = v - 17. Let o(x) = -2*x**2 + 2*x + 2. Give o(p).
-10
Let w(p) be the second derivative of -p**3/2 - 6*p**2 + 12*p - 2. Give w(-8).
12
Suppose -11*i + 9 = -8*i. Let h(z) = -190*z + 92*z - z**i + 2 - 4*z**2 + 100*z. Calculate h(-4).
-6
Let d(i) = -6*i**2 - 6*i + 1. Let h be (-14)/(-7)*(-5)/(-2). Let c(v) = -v**2 + 1. Let r(t) = h*c(t) - d(t). Calculate r(-4).
-4
Let m(j) = 37*j**2 - 4*j - 5. Let u(o) = 28*o**2 - 3*o - 8. Let r(f) = -3*m(f) + 4*u(f). Suppose -5*b - 4*k - 3 = -15, 9 = -5*b + 3*k. What is r(b)?
-17
Let l(g) = -5*g + 24. Suppose 6*t - 20 = t. Let w be l(t). Let d(k) = k - 9. Determine d(w).
-5
Let k(a) = a**3 + 5*a**2 + 4*a + 1. Let q = 237 + -241. Give k(q).
1
Suppose -18*v + 6 = 4 + 2. Let r(k) = -k**2 + k + 0*k - k**3 + 0*k - 1. Give r(v).
-1
Let a(d) = 3*d. Let v(w) = -w**2 + 11*w + 2. Let g be v(11). Let b(h) = -7*h - 1. Let t(z) = g*b(z) + 5*a(z). What is t(2)?
0
Let t be (45/(-10) - -5)*208. Let d = t + -97. Let h(u) = u**3 - 8*u**2 + 7*u - 10. What is h(d)?
-10
Let n(m) = -1. Suppose 28*z = 34*z + 36. Let o(h) = -h**2 - 8*h - 2. Let f(i) = z*n(i) - o(i). Calculate f(-8).
8
Let q(g) = 2*g - 19 + 1 - 3*g. Determine q(-6).
-12
Let q(i) = i**2 + 3*i - 2. Let u be q(1). Let a(k) = u*k + 3*k - 2*k + 2 + 0*k. What is a(-2)?
-4
Let z be (-11)/(-22) - (-130)/(-4). Let f = z + 34. Let j(x) = 1 - 7*x**f - x**3 - 3*x - 4*x**3 + x + 8*x**2. What is j(1)?
-5
Let q(g) = -g**3 - 12*g**2 - 9*g + 4. Let y = -226 + 215. Calculate q(y).
-18
Let s(